 12, what is 0 + 2976?
2976
In base 16, what is 3 + -84fa?
-84f7
In base 5, what is 2302033131 + -4?
2302033122
In base 7, what is -3624 + -2230?
-6154
In base 10, what is 5 + -2332?
-2327
In base 8, what is 55 + 23616?
23673
In base 4, what is -310133 + -23122?
-333321
In base 5, what is 2132244 - 3?
2132241
In base 16, what is 4 - -a904?
a908
In base 15, what is 2 + -17c4?
-17c2
In base 14, what is -133a7b - -4?
-133a77
In base 15, what is b91 - -250?
de1
In base 8, what is 3 + -27705?
-27702
In base 4, what is -202031 + -13?
-202110
In base 14, what is -4d + 2a4?
255
In base 5, what is -4 + -4201244?
-4201303
In base 8, what is -111 - 46?
-157
In base 3, what is 10001120 - 10020?
2221100
In base 10, what is -52901 - -3?
-52898
In base 11, what is -21 - -75549?
75528
In base 10, what is 190 + -489?
-299
In base 12, what is -1 + 22456?
22455
In base 14, what is b1 - 14d?
-7c
In base 13, what is -74 + -3?
-77
In base 3, what is 100 - -2022020?
2022120
In base 10, what is 8452 + 54?
8506
In base 14, what is 3 + -148b?
-1488
In base 16, what is 9600 - 0?
9600
In base 10, what is 4 - 10669?
-10665
In base 9, what is 47672 + 0?
47672
In base 12, what is -2835b - 0?
-2835b
In base 12, what is 2 + -69b?
-699
In base 2, what is 1000001010111110 + 10?
1000001011000000
In base 10, what is 8641 + -144?
8497
In base 9, what is 2126142 + 7?
2126150
In base 12, what is -1b946 - 5?
-1b94b
In base 6, what is -1312435 + 2?
-1312433
In base 9, what is 41 - 2767?
-2726
In base 7, what is 13 - -2024036?
2024052
In base 7, what is -2466 - -23?
-2443
In base 4, what is -32302 + -103000?
-201302
In base 3, what is -11 + -1222212?
-2000000
In base 14, what is 99572 - 5?
9956b
In base 3, what is -2 - -20222110002?
20222110000
In base 2, what is 1011001100001010 - 100?
1011001100000110
In base 10, what is -22438 + 18?
-22420
In base 3, what is 2122202 - 12?
2122120
In base 5, what is 234 - -12?
301
In base 11, what is -1351 + 65?
-1297
In base 6, what is 4120 + 31?
4151
In base 5, what is 223141241 + -3?
223141233
In base 4, what is 2 - 2230022212?
-2230022210
In base 11, what is 3 - -7111?
7114
In base 9, what is -105514 - -4?
-105510
In base 8, what is 3043 - -54?
3117
In base 10, what is -173 - 3197?
-3370
In base 2, what is -101100111 - 111100000?
-1101000111
In base 16, what is 3b9 - 21?
398
In base 13, what is 53bc + -2?
53ba
In base 15, what is 24e - b1?
18d
In base 2, what is -111 - 11110110000010?
-11110110001001
In base 8, what is 65 - 6373?
-6306
In base 13, what is 69 - 250a8?
-2503c
In base 6, what is 513350 - -5?
513355
In base 4, what is 130 - -1200202?
1200332
In base 4, what is 20001 + 312?
20313
In base 8, what is 30 + 522?
552
In base 4, what is 1231 + 11021?
12312
In base 4, what is 3 + -1013313030?
-1013313021
In base 15, what is -1d207c - 4?
-1d2081
In base 7, what is 1424 - -1603?
3330
In base 14, what is -21 - -d7a?
d59
In base 16, what is 13 - 454?
-441
In base 11, what is -a50a0 + -6?
-a50a6
In base 7, what is -14631 + 21?
-14610
In base 7, what is -3526432 + 4?
-3526425
In base 13, what is -2 + 955b?
9559
In base 14, what is -20 - -aa13?
a9d3
In base 9, what is -1167 + 1460?
282
In base 14, what is 3a6 + -5d?
347
In base 16, what is -df4 + 0?
-df4
In base 4, what is 112 + 121230?
122002
In base 4, what is 1300111213 - 11?
1300111202
In base 6, what is 4 + -1131352?
-1131344
In base 7, what is 4303664 + 0?
4303664
In base 14, what is 844 + -22?
822
In base 9, what is 4 - -283438?
283443
In base 5, what is 41303 + 31?
41334
In base 16, what is -6 - 239?
-23f
In base 7, what is -4001 + -262?
-4263
In base 10, what is -5 + -9220?
-9225
In base 16, what is -81c8 + -e?
-81d6
In base 8, what is 5 - 114461?
-114454
In base 8, what is 61761 - -1?
61762
In base 16, what is 1758c + -1c?
17570
In base 5, what is 10203 + -121?
10032
In base 2, what is -10001011 + -111001111?
-1001011010
In base 9, what is -6200 - 27?
-6227
In base 9, what is -46885 + 3?
-46882
In base 16, what is 2c + 27b50?
27b7c
In base 5, what is -3220311 - -3?
-3220303
In base 4, what is -3113 - 20?
-3133
In base 8, what is 5 - -104333?
104340
In base 6, what is 514 - -2332?
3250
In base 16, what is -1 + 20b3?
20b2
In base 5, what is -11 - -404122?
404111
In base 11, what is -405 + 81?
-334
In base 10, what is 12256 + 18?
12274
In base 3, what is -222122022201 + -11?
-222122022212
In base 15, what is 38 - b873?
-b83a
In base 4, what is -11211 + -31?
-11302
In base 7, what is -153 + -145564?
-146050
In base 2, what is 110100100101000 + 111?
110100100101111
In base 10, what is 2 - -515766?
515768
In base 2, what is 10011101 - -100000001?
110011110
In base 16, what is 3 - e2fb?
-e2f8
In base 13, what is ac - 86?
26
In base 16, what is 3f - 3168?
-3129
In base 11, what is 0 + 261a3?
261a3
In base 10, what is 57 + 17997?
18054
In base 10, what is 1 - -5006?
5007
In base 6, what is 0 - -112053?
112053
In base 16, what is -533 - -1b?
-518
In base 5, what is 2 - -2404223?
2404230
In base 2, what is -1001011 + 11000111?
1111100
In base 4, what is 11102213231 + 10?
11102213301
In base 15, what is 11d68 - 2?
11d66
In base 10, what is 2 + -233763?
-233761
In base 8, what is -6515331 - 4?
-6515335
In base 11, what is -23aa + 112?
-2298
In base 12, what is 43634 - -1?
43635
In base 15, what is d6ac5 + -6?
d6abe
In base 14, what is -60 - -1d9d?
1d3d
In base 7, what is -15 - -555?
540
In base 10, what is -17 + 7546?
7529
In base 15, what is 3 + -4342?
-433e
In base 3, what is -11202022 + 111020?
-11021002
In base 11, what is -6787602 - 3?
-6787605
In base 12, what is 88 + -20b?
-143
In base 6, what is -5 - 30001?
-30010
In base 13, what is -16a - 14?
-181
In base 10, what is 143452 - 5?
143447
In base 15, what is 2d + 8b9?
8e7
In base 6, what is -15330 - 531?
-20301
In base 11, what is -5 + -323a11?
-323a16
In base 4, what is 301 - 2002131?
-2001230
In base 7, what is 4 + 1154211?
1154215
In base 5, what is 43400003 - 0?
43400003
In base 10, what is 94380 - 0?
94380
In base 16, what is -c6a - 1?
-c6b
In base 2, what is 1001 - -11110011011011?
11110011100100
In base 7, what is -642103 + -5?
-642111
In base 12, what is -3044 - -328?
-2918
In base 3, what is -10 + 22121121?
22121111
In base 11, what is 961074 - 1?
961073
In base 3, what is -1101210 - -20121?
-1011012
In base 11, what is 1 + -346179?
-346178
In base 9, what is -1026 - -67?
-848
In base 16, what is -16 - 314?
-32a
In base 16, what is -2f3 - -18?
-2db
In base 7, what is 255 - -404?
662
In base 9, what is -2 - -452077?
452075
In base 15, what is -1 + 5?
4
In base 9, what is 166 + -85?
71
In base 7, what is -5 - 44300?
-44305
In base 3, what is -1021 - -2121020101?
2121012010
In base 8, what is -1 + -524325?
-524326
In base 3, what is 101 + -12010222?
-12010121
In base 6, what is 10512 - 115?
10353
In base 13, what is -740a1 + -4?
-740a5
In base 16, what is -3 - -25246?
25243
In base 10, what is -377 + -9?
-386
In base 12, what is 8a1 - -311?
bb2
In base 4, what is -201301 + 112?
-201123
In base 12, what is -23 - 3a2?
-405
In base 14, what is -b - -a1c9?
a1bc
In base 4, what is -22230 - 1111102?
-1133332
In base 7, what is 105 + -1551?
-1443
In base 4, what is 122 - 1030313?
-1030131
In base 16, what is 132 - 3565?
-3433
In base 8, what is 502 - 454?
26
In base 14, what is 438 + -1d?
419
In base 8, what is 416571 - -2?
416573
In base 14, what is 0 + 31b2?
31b2
In base 4, what is 3 + -12033322320?
-12033322311
In base 14, what is -d - -22684?
22675
In base 10, what is 119 - -578?
697
In base 7, what is -4222 - 44?
-4266
In base 4, what is -2002323 + -12?
-2003001
In base 13, what is 4b9b - -4c?
4c1a
In base 14, what is 0 - 308?
-308
In base 13, what is -56848 - -3?
-56845
In base 7, what is 6 - 656623?
-656614
In base 13, what is 10c53c - -4?
10c543
In base 14, what is 1c6a8 - -1?
1c6a9
In base 13, what is 8 + 1025?
1030
In base 2, what is 1011001011000010 + -100?
1011001010111110
In base 9, what is 77 + -15478?
-15401
In base 11, what is 2a1 + 865?
1056
In base 11, what is 81 + 123a?
1310
In base 2, what is 111000001000 + -1?
111000000111
In base 9, what is 143 - -4727?
4871
In base 2, what is -111100000011110 - 11010?
-111100000111000
In base 10, what is 9 - -4060?
4069
In base 16, what is e44 - 6?
e3e
In base 7, what is 33350 + 100?
